 308e (base 15) to base 14.
3a4b
What is -76 (base 8) in base 12?
-52
5010 (base 6) to base 4
100332
What is bd5 (base 14) in base 3?
10012210
Convert 323210 (base 7) to base 15.
11a72
-100001 (base 2) to base 6
-53
-317 (base 8) to base 5
-1312
What is a483 (base 12) in base 3?
220122000
Convert 1010100001 (base 2) to base 3.
220221
-2332 (base 4) to base 8
-276
What is -4cd (base 14) in base 16?
-3c5
1011101 (base 2) to base 9
113
1c9 (base 16) to base 10
457
What is 40420 (base 5) in base 11?
1a63
What is 18193 (base 10) in base 5?
1040233
-135051 (base 7) to base 15
-7976
Convert 111 (base 11) to base 13.
a3
What is -70561 (base 8) in base 12?
-14981
-10111101 (base 2) to base 15
-c9
Convert -1022202012 (base 3) to base 11.
-18641
Convert -1d33 (base 16) to base 8.
-16463
-11001010110000 (base 2) to base 6
-140024
-36413 (base 10) to base 4
-20320331
Convert 5436 (base 9) to base 11.
3009
Convert -617 (base 13) to base 16.
-40a
-1120122 (base 3) to base 10
-1151
Convert 201100 (base 3) to base 12.
376
What is -139 (base 11) in base 14?
-b9
Convert 1606 (base 8) to base 2.
1110000110
What is -1602 (base 8) in base 9?
-1207
22111022 (base 3) to base 11
4719
-12112001 (base 3) to base 2
-111110111000
-1320011 (base 4) to base 16
-1e05
What is -47154 (base 8) in base 12?
-b750
What is 315 (base 13) in base 6?
2233
What is -2054 (base 8) in base 11?
-891
Convert -821 (base 9) to base 14.
-359
Convert 981a (base 11) to base 3.
122210022
Convert 258 (base 12) to base 11.
2a4
What is 68a (base 12) in base 7?
2554
33321 (base 4) to base 12
709
What is -1112003 (base 4) in base 14?
-2015
Convert 10010011101 (base 2) to base 12.
825
Convert 1612 (base 8) to base 16.
38a
Convert 1111000 (base 2) to base 9.
143
-33 (base 11) to base 15
-26
What is -1011000101 (base 2) in base 13?
-427
Convert 6132 (base 10) to base 11.
4675
What is 101110000111011 (base 2) in base 12?
117b7
What is 23200 (base 7) in base 15?
1b54
251 (base 9) to base 3
21201
-10153 (base 7) to base 10
-2488
Convert -239 (base 14) to base 16.
-1bb
What is -32101 (base 5) in base 6?
-13543
Convert 76a (base 14) to base 15.
67b
What is 20c (base 14) in base 2?
110010100
Convert -7860 (base 9) to base 10.
-5805
Convert 10011100100100 (base 2) to base 15.
2e80
Convert -101001001100011 (base 2) to base 14.
-7987
-31043 (base 7) to base 6
-55025
What is -32201 (base 6) in base 11?
-3334
What is -254a (base 13) in base 15?
-1886
Convert -3153 (base 8) to base 7.
-4535
What is -329a (base 11) in base 13?
-1c92
-1101101010011 (base 2) to base 11
-528a
What is 5417 (base 11) in base 12?
4185
Convert -13e (base 15) to base 8.
-434
What is -54aa (base 13) in base 2?
-10111000011001
Convert -3625 (base 7) to base 5.
-20332
Convert -137 (base 15) to base 14.
-15b
Convert 1327 (base 8) to base 10.
727
What is -11014 (base 9) in base 15?
-226d
135447 (base 8) to base 15
e2e1
What is 240b (base 14) in base 2?
1100010001011
What is 10320 (base 4) in base 13?
1b0
-1819 (base 11) to base 2
-100100001111
a1 (base 13) to base 2
10000011
What is -1 (base 7) in base 3?
-1
What is -a388 (base 11) in base 10?
-13769
-8ad (base 14) to base 6
-11545
-779 (base 11) to base 3
-1021120
What is 2b6d (base 14) in base 5?
221431
-10100100 (base 2) to base 6
-432
What is 44313 (base 5) in base 16?
c0b
What is 1602 (base 11) in base 2?
100000001011
Convert 12314 (base 6) to base 13.
ac0
What is 10102022 (base 3) in base 5?
34432
What is c6 (base 15) in base 12?
136
What is -30211 (base 5) in base 13?
-b57
Convert -210012 (base 3) to base 6.
-2352
What is 3035 (base 14) in base 12?
495b
Convert 1021231 (base 5) to base 8.
41252
Convert -b570 (base 13) to base 3.
-1021102202
-3313 (base 6) to base 11
-636
-4443 (base 5) to base 16
-26f
Convert 1212022 (base 3) to base 10.
1358
23a4 (base 16) to base 2
10001110100100
What is 3221 (base 6) in base 8?
1335
-100111011111 (base 2) to base 8
-4737
What is -c4b (base 14) in base 5?
-34134
-4313 (base 7) to base 13
-908
Convert 1011001111001 (base 2) to base 15.
1a88
What is 2537 (base 12) in base 2?
1000001111011
What is -13024 (base 6) in base 10?
-1960
-be83 (base 16) to base 4
-23322003
What is 20202122 (base 3) in base 8?
11503
676 (base 14) to base 6
5532
26681 (base 10) to base 6
323305
3047 (base 13) to base 3
100010022
1100111011001 (base 2) to base 4
1213121
What is 20b (base 16) in base 5?
4043
Convert -2b27 (base 12) to base 15.
-1781
Convert 775 (base 9) to base 12.
44b
What is 5eb (base 15) in base 16?
542
Convert -131a (base 11) to base 5.
-23330
What is -2221112011 (base 3) in base 5?
-3323343
What is -11104 (base 9) in base 8?
-16317
What is -269 (base 13) in base 3?
-120202
Convert 747 (base 9) to base 13.
37c
Convert 15949 (base 10) to base 12.
9291
What is -437 (base 11) in base 2?
-1000001100
-22322211 (base 4) to base 7
-244230
What is 1ab9 (base 12) in base 9?
4476
What is -5383 (base 13) in base 3?
-120220121
What is 157070 (base 8) in base 3?
2220000222
What is 4723 (base 8) in base 7?
10222
Convert -608 (base 9) to base 12.
-352
28 (base 10) to base 5
103
-110232 (base 4) to base 6
-10050
What is -105041 (base 8) in base 10?
-35361
What is -3362 (base 7) in base 14?
-632
1122022 (base 3) to base 6
5312
351 (base 15) to base 12
527
What is 10421 (base 7) in base 15?
b92
40d (base 14) to base 5
11142
Convert 1823 (base 14) to base 6.
32035
2020313 (base 4) to base 5
240014
Convert 458 (base 13) to base 14.
3b7
1020 (base 9) to base 14
3b5
101103 (base 4) to base 10
1107
What is -122525 (base 6) in base 2?
-10101011110101
What is -25153 (base 6) in base 15?
-1196
-279 (base 13) to base 8
-666
What is -210320 (base 4) in base 7?
-6611
1286 (base 9) to base 16
3c9
-20420 (base 6) to base 15
-c33
What is -8160 (base 14) in base 11?
-15781
Convert 11342 (base 10) to base 8.
26116
What is 723 (base 13) in base 11?
a02
Convert 11022111 (base 3) to base 7.
12112
Convert -10122212221 (base 3) to base 10.
-72088
What is -11c4 (base 13) in base 14?
-cc6
What is 908b (base 14) in base 16?
60f3
-102213 (base 5) to base 10
-3433
What is -129d2 (base 14) in base 13?
-17b41
Convert -c0f (base 16) to base 10.
-3087
What is 301016 (base 7) in base 8?
143131
What is 2798 (base 10) in base 16?
aee
What is 1334 (base 5) in base 10?
219
136505 (base 7) to base 10
26318
What is 374 (base 8) in base 6?
1100
-2002441 (base 5) to base 3
-1121101011
-13a71 (base 11) to base 9
-30285
Convert -5 (base 13) to base 7.
-5
-123332 (base 4) to base 11
-1388
Convert -16c (base 13) to base 10.
-259
What is -103211 (base 5) in base 2?
-110111100100
What is 214bb (base 13) in base 14?
17cc5
Convert -725 (base 9) to base 8.
-1116
What is 212111 (base 3) in base 12?
44a
aa04 (base 11) to base 12
84a4
What is 112212 (base 4) in base 7?
4134
What is -23d (base 14) in base 5?
-3242
Convert -850 (base 10) to base 15.
-3ba
Convert 56da (base 15) to base 12.
a7ba
-204013 (base 7) to base 6
-430004
Convert -545 (base 13) to base 5.
-12102
Convert 13884 (base 9) to base 2.
10010100000000
What is 3851 (base 9) in base 7?
11254
Convert -423303 (base 5) to base 14.
-5267
Convert 410 (base 9) to base 4.
11031
Convert 10423 (base 6) to base 8.
2657
What is 923 (base 11) in base 12?
78a
-429 (base 13) to base 10
-711
What is -2121112 (base 4) in base 12?
-581a
23462 (base 10) to base 7
125255
-2313323 (base 4) to base 14
-440b
-728 (base 12) to base 10
-1040
What is -8d7b (base 15) in base 7?
-153404
253 (base 6) to base 10
105
Convert -323440 (base 5) to base 10.
-11120
Convert -11c83 (base 15) to base 7.
-324444
Convert -100111111111 (base 2) to base 4.
-213333
What is 8d7 (base 16) in base 6?
14251
Convert -12016 (base 8) to base 6.
-35434
-6761 (base 10) to base 7
-25466
-21100022 (base 3) to base 10
-5354
What is -374 (base 14) in base 4?
-22302
Convert -3036 (base 10) to base 12.
-1910
What is -468 (base 13) in base 7?
-2136
What is -37a0 (base 16) in base 5?
-423430
-5670 (base 13) to base 11
-90a1
Convert 101001 (base 3) to base 7.
535
-3121222 (base 4) to base 8
-33152
-135 (base 9) to base 5
-423
What is 110210 (base 6) in base 5?
243100
What is -276 (base 9) in base 5?
-1411
What is 2613 (base 11) in base 13?
1719
What is 1a8c (base 16) in base 14?
2696
What is a43c (base 13) in base 8?
54251
Co